inder when 38 + -7 + (-1 - -4) is divided by t(0).
16
Let c(b) = 3*b**2 + 5*b + 6. Calculate the remainder when c(-4) is divided by 9.
7
Let p = -11 - -16. Suppose -q + 13 = -m, m + m = p*q - 35. Calculate the remainder when (-2)/(-5) - 756/m is divided by 26.
24
Let o(u) = -u**3 + 9*u**2 + 15*u - 18. Calculate the remainder when o(10) is divided by 18.
14
Suppose x - 276 = -5*x. Calculate the remainder when x is divided by 16.
14
What is the remainder when (6/8)/((-4)/(-144)) is divided by 15?
12
Let a = 126 + -117. Calculate the remainder when 42 is divided by a.
6
Suppose 4*n - 3*u - 19 = 0, -4*n + 0*n - 4*u = -12. What is the remainder when 5 is divided by n?
1
Let a(q) = -q - 1. What is the remainder when 2 is divided by a(-3)?
0
Suppose 5*v - 45 = -u + 47, v - 28 = 3*u. Calculate the remainder when 37 is divided by v.
18
Let b = -13 - -46. Let p(g) = g**2 - 5*g - 3. Let o be p(8). Let z = b - o. What is the remainder when 35 is divided by z?
11
Let s(m) = -m**3 + m + 87. Let r be s(0). Suppose 33 = 5*t - r. Calculate the remainder when 93 is divided by t.
21
Let h(l) = 9*l**2 - 3*l - 3. Calculate the remainder when h(-2) is divided by (4/5)/(8/100).
9
Let t = 28 + -16. Suppose r = -r. Suppose 4*d - 4 = 0, h + 4*d - 26 = -r*h. What is the remainder when h is divided by t?
10
Suppose 0 = -f + 5*j + 1 + 1, -2*f = 4*j - 18. Calculate the remainder when 17 is divided by f.
3
Suppose 4*o - 40 = -o. Suppose -120 = -2*n - 2*n. Calculate the remainder when n is divided by o.
6
Let b = -10 + 72. Suppose 0*u - 2 = -3*m - 2*u, 4*m + 9 = -5*u. Suppose 2*w - 51 = -3*k, -5*w + 111 = -2*k + m*k. What is the remainder when b is divided by w?
20
Suppose -245 = -5*i + 2*c, 4*i + 2*c - 163 = -3*c. What is the remainder when i is divided by 18?
11
Calculate the remainder when 54 is divided by 8/(-52) - (-1416)/78.
0
Let s(d) = d**2 + d. Let w be s(-1). Suppose w = 4*z - 4, -8 + 43 = a + 4*z. What is the remainder when a is divided by 10/3*72/15?
15
Let f(y) = y**3 - 9*y**2 - 9*y - 4. What is the remainder when 17 is divided by f(10)?
5
Let x(m) = -m**2 - 19*m + 14. Calculate the remainder when x(-12) is divided by 20.
18
Suppose 0 = -o + 2*j, -o + 0*o + 6 = 4*j. Suppose -92 = -o*r + 10. What is the remainder when r is divided by 18?
15
Let d(p) = 19*p. What is the remainder when 73 is divided by d(1)?
16
Suppose 5*o + 9*k - 4*k = 110, 0 = -2*o + 3*k + 39. What is the remainder when 40 is divided by o?
19
Suppose 5*d - 23 = -3*q, -2*q + d - 6*d = -7. Let m = q - 3. What is the remainder when m is divided by 4?
1
Suppose -2*x = 3*x - 70. Let o(g) = -2*g. Let d be (-2 + -4)*2/3. Calculate the remainder when x is divided by o(d).
6
Let o = -18 + 26. Suppose -5*b - 5*i + o = -4*i, 4*b - i - 1 = 0. Calculate the remainder when 2 is divided by b.
0
Let m = -10 - -32. Suppose -35 = -6*u + 1. Calculate the remainder when m is divided by u.
4
Suppose -2*w = -5*x - 14, 4*w + 3*x = -0 + 80. Suppose -49 = -10*y + 9*y. What is the remainder when y is divided by w?
15
Suppose 0 = -2*x - 5*i + 61, -7 = -2*i + 3. Calculate the remainder when 71 is divided by x.
17
Suppose 12*n - 165 = 135. What is the remainder when n is divided by 5/((-50)/(-28))*5?
11
Let n = 1 - 8. Let k = n - -9. Suppose 0 = 3*c - k*b - 101, -c - b + 142 = 3*c. Calculate the remainder when c is divided by 12.
11
What is the remainder when 43 is divided by 4/2 - (13 - 20)?
7
Let j(m) = 19*m**2 + 4*m - 5. What is the remainder when 22 is divided by j(1)?
4
Let z = -12 - -7. Let s(a) = a**3 + 5*a**2 - a - 7. Let l be s(z). Calculate the remainder when 2 is divided by (-2)/((-2)/l*-2).
0
Let s = -35 + 125. What is the remainder when s is divided by 23?
21
Let a(k) = -k + 3. Let r(o) = -2*o**2 + 3*o + 3. Let w be r(3). Calculate the remainder when a(w) is divided by 6.
3
What is the remainder when (-104)/(-5) + 112/(-140) is divided by 11?
9
Suppose -14*w - 6 = -17*w. Calculate the remainder when 2 is divided by w.
0
Let f be (-30)/4*40/(-15). Let i = f - 1. Let u(y) = 10*y + 5. What is the remainder when u(5) is divided by i?
17
Let y = -22 + 51. Suppose d - y = -5*s, -4*d + d + 5*s + 167 = 0. Suppose 8*z = 12*z - 100. What is the remainder when d is divided by z?
24
Suppose -a - 2*a = -27. Calculate the remainder when a is divided by 4.
1
Let a = 10 - 7. Suppose 89 - 5 = a*x. What is the remainder when x is divided by 8?
4
What is the remainder when (50/(-15))/(4/126*-3) is divided by 15?
5
Let j(q) = q**3 + 3*q**2 + 2*q - 1. Let v be j(-3). Let h(f) = -17*f - 2. Calculate the remainder when h(-3) is divided by (-702)/(-42) - 2/v.
15
Let f = 20 - -37. Calculate the remainder when 284 is divided by f.
56
Suppose -2*v + 10 = 3*v. Suppose -2 = -p - v*d, -5*p + 2*d = -3*d + 50. What is the remainder when 25 is divided by 26/(-1)*3/p?
12
Calculate the remainder when 23 is divided by (-3 + 1 - -1)/(5/(-65)).
10
Let t(v) = 2*v**2 - v - 3. What is the remainder when 25 is divided by t(-2)?
4
Let a = -75 - -96. Let p = -153 - -215. Calculate the remainder when p is divided by a.
20
Let n(m) = m + 6. What is the remainder when 38 is divided by n(5)?
5
Let j = -60 + 84. Let b be (-1)/(-1)*1 + 0. Let r = b + 12. Calculate the remainder when j is divided by r.
11
Suppose -3*q - 79 = -4*a, -q = -4*q - 15. Calculate the remainder when a is divided by 5.
1
Let o = -6 + 15. Suppose c - o = 21. Suppose -7*q = -12*q + c. Calculate the remainder when 10 is divided by q.
4
Suppose 0 = -4*i + x + 13, 1 = 3*i + x - 7. Suppose -2*s + i*s - 8 = 0. What is the remainder when 14 is divided by s?
6
Let g = -11 + -2. Let v(t) = -t**2 - 17*t - 18. What is the remainder when 134 is divided by v(g)?
32
Let a(p) be the second derivative of p**3/6 + p**2 - 2*p. What is the remainder when 19 is divided by a(8)?
9
Let l = -2 - -20. What is the remainder when l is divided by 4?
2
What is the remainder when 78 is divided by -4*1/(4/(-20))?
18
Let w = -8 - -13. Let t(p) be the second derivative of p**4/12 - p**3/3 - 7*p**2/2 + 5*p. Calculate the remainder when t(6) is divided by w.
2
Suppose -2*c = -4*a + 6 - 0, a + 23 = 4*c. Suppose -c*w = 4*k - 3*w - 340, -5*k + 475 = -5*w. What is the remainder when k is divided by 23?
21
Let m be -1 - 4/(12/(-9)). Suppose 2*j = 3*v - 12, 4*v - m*v - 5*j = 8. Calculate the remainder when 6 is divided by v.
2
Let o(k) = k**3 - 5*k**2 + 4. Let q be o(5). Suppose 5*h + 0*h + 19 = 4*z, 0 = -5*z + q*h + 26. Calculate the remainder when 11 is divided by z.
5
Suppose 15 + 2 = i. Calculate the remainder when i is divided by 6.
5
Let y = 4 + 7. What is the remainder when 52 is divided by y?
8
Let g = -3 - -6. Suppose -4*q + g*q + 2 = 0. Calculate the remainder when 3 is divided by q.
1
Let x(d) = -6*d + 3. Let i be x(-3). Suppose 0 = -4*z + z - i. Calculate the remainder when 2/(-7) - 268/z is divided by 13.
12
Let g(m) = 3*m + 2*m - 4*m - 2. Let j be g(4). Suppose -3*x + 65 + 26 = j*o, 3*x - 5*o = 56. Calculate the remainder when 79 is divided by x.
25
Suppose -2*c - 4 = -2*y, -y - 4*c + 7 = -2*y. Let b be (y + -4)/((-1)/(-7)). Suppose 8*f = b*f + 11. What is the remainder when 31 is divided by f?
9
Suppose 0 = 4*b - 2*o - 34 - 12, 0 = 2*b + o - 33. What is the remainder when 52 is divided by b?
10
Suppose -24 = 5*g + 16. Suppose 19 - 7 = 2*l. What is the remainder when (-2)/(-8) + (-174)/g is divided by l?
4
Suppose -5*l = -4*r - 135, -3*l - 4*r = r - 81. Suppose -3*k - 35 = 7. Let m = k + l. Calculate the remainder when 37 is divided by m.
11
What is the remainder when 55 is divided by (0 - 1)/(3/(-42))?
13
Let c be 1*(-7 + 1)*6. Let z = c - -55. What is the remainder when (-1 - 6)*(-72)/14 is divided by z?
17
Let f(v) = -v**2 - 14*v - 21. Let k = -183 - -263. What is the remainder when k is divided by f(-8)?
26
Let s(h) = h - 1. Calculate the remainder when 48 is divided by s(8).
6
Suppose 10*j - 709 - 631 = 0. Calculate the remainder when j is divided by 27.
26
Let t(c) = -c**2 + 3*c - 2. Let u be t(2). Let a = 9 - 5. Suppose 2*i - a*i + 28 = u. What is the remainder when i is divided by 5?
4
Suppose -4*m + 4*p = -0*m - 44, 26 = m - 4*p. Suppose 4*n = 62 - 22. What is the remainder when n is divided by m?
4
Calculate the remainder when 100 is divided by 10/(-30) + 52/3.
15
What is the remainder when (-3 + 5)